{"id":12,"date":"2024-04-04T09:17:42","date_gmt":"2024-04-04T07:17:42","guid":{"rendered":"https:\/\/www.blindh.se\/?page_id=12"},"modified":"2024-04-04T10:09:35","modified_gmt":"2024-04-04T08:09:35","slug":"kontakt","status":"publish","type":"page","link":"https:\/\/www.blindh.se\/?page_id=12","title":{"rendered":"Kontakt"},"content":{"rendered":"\n<p>\u00c4r du intresserad av att k\u00f6pa m\u00e5lningar eller komma i kontakt med Bertil av n\u00e5gon annan anledning s\u00e5 \u00e4r det bara att h\u00f6ra av dig!<\/p>\n\n\n\n<p><strong>Bertil Lindh<\/strong><br>Gr\u00e5n\u00e4s 133<br>828 91 Edsbyn<br>Mobil: 070-26 26 513<br>E-post:\u00a0<a href=\"https:\/\/web.archive.org\/web\/20210922224245\/mailto:bertil@blindh.se\">bertil@blindh.se<\/a><\/p>\n\n\n\n<figure class=\"wp-block-image\"><img decoding=\"async\" src=\"https:\/\/web.archive.org\/web\/20210922224245im_\/http:\/\/blindh.se\/images\/start.jpg\" alt=\"\"\/><\/figure>\n","protected":false},"excerpt":{"rendered":"<p>\u00c4r du intresserad av att k\u00f6pa m\u00e5lningar eller komma i kontakt med Bertil av n\u00e5gon annan anledning s\u00e5 \u00e4r det bara att h\u00f6ra av dig! Bertil LindhGr\u00e5n\u00e4s 133828 91 EdsbynMobil: 070-26 26 513E-post:\u00a0bertil@blindh.se<\/p>\n","protected":false},"author":1,"featured_media":0,"parent":0,"menu_order":0,"comment_status":"closed","ping_status":"closed","template":"","meta":{"site-container-style":"default","site-container-layout":"default","site-sidebar-layout":"default","site-transparent-header":"default","prose-style":"enable","disable-article-header":"default","disable-site-header":"default","disable-site-footer":"default","disable-content-area-spacing":"default","footnotes":""},"_links":{"self":[{"href":"https:\/\/www.blindh.se\/index.php?rest_route=\/wp\/v2\/pages\/12"}],"collection":[{"href":"https:\/\/www.blindh.se\/index.php?rest_route=\/wp\/v2\/pages"}],"about":[{"href":"https:\/\/www.blindh.se\/index.php?rest_route=\/wp\/v2\/types\/page"}],"author":[{"embeddable":true,"href":"https:\/\/www.blindh.se\/index.php?rest_route=\/wp\/v2\/users\/1"}],"replies":[{"embeddable":true,"href":"https:\/\/www.blindh.se\/index.php?rest_route=%2Fwp%2Fv2%2Fcomments&post=12"}],"version-history":[{"count":3,"href":"https:\/\/www.blindh.se\/index.php?rest_route=\/wp\/v2\/pages\/12\/revisions"}],"predecessor-version":[{"id":75,"href":"https:\/\/www.blindh.se\/index.php?rest_route=\/wp\/v2\/pages\/12\/revisions\/75"}],"wp:attachment":[{"href":"https:\/\/www.blindh.se\/index.php?rest_route=%2Fwp%2Fv2%2Fmedia&parent=12"}],"curies":[{"name":"wp","href":"https:\/\/api.w.org\/{rel}","templated":true}]}}